{"id":2,"date":"2011-06-22T10:27:37","date_gmt":"2011-06-22T08:27:37","guid":{"rendered":"http:\/\/mariesansimportance.net\/blog\/\/?page_id=2"},"modified":"2019-07-23T15:55:07","modified_gmt":"2019-07-23T13:55:07","slug":"about","status":"publish","type":"page","link":"https:\/\/mariesansimportance.net\/blog\/about\/","title":{"rendered":"\u00e0 propos"},"content":{"rendered":"<p>Mais qui suis-je ? O\u00f9 vais-je de ce pas si assur\u00e9 (ou pas parce que \u00e7a d\u00e9pend des jours) ?<\/p>\n<p>Bon aujourd&rsquo;hui, j&rsquo;ai moyennement le temps de r\u00e9pondre \u00e0 ces questions mais promis, j&rsquo;y travaille &#8230;<\/p>\n","protected":false},"excerpt":{"rendered":"<p>Mais qui suis-je ? O\u00f9 vais-je de ce pas si assur\u00e9 (ou pas parce que \u00e7a d\u00e9pend des jours) ? Bon aujourd&rsquo;hui, j&rsquo;ai moyennement le temps de r\u00e9pondre \u00e0 ces questions mais promis, j&rsquo;y travaille &#8230;<\/p>\n","protected":false},"author":1,"featured_media":0,"parent":0,"menu_order":0,"comment_status":"open","ping_status":"closed","template":"","meta":{"footnotes":""},"class_list":["post-2","page","type-page","status-publish","hentry"],"_links":{"self":[{"href":"https:\/\/mariesansimportance.net\/blog\/wp-json\/wp\/v2\/pages\/2","targetHints":{"allow":["GET"]}}],"collection":[{"href":"https:\/\/mariesansimportance.net\/blog\/wp-json\/wp\/v2\/pages"}],"about":[{"href":"https:\/\/mariesansimportance.net\/blog\/wp-json\/wp\/v2\/types\/page"}],"author":[{"embeddable":true,"href":"https:\/\/mariesansimportance.net\/blog\/wp-json\/wp\/v2\/users\/1"}],"replies":[{"embeddable":true,"href":"https:\/\/mariesansimportance.net\/blog\/wp-json\/wp\/v2\/comments?post=2"}],"version-history":[{"count":6,"href":"https:\/\/mariesansimportance.net\/blog\/wp-json\/wp\/v2\/pages\/2\/revisions"}],"predecessor-version":[{"id":2508,"href":"https:\/\/mariesansimportance.net\/blog\/wp-json\/wp\/v2\/pages\/2\/revisions\/2508"}],"wp:attachment":[{"href":"https:\/\/mariesansimportance.net\/blog\/wp-json\/wp\/v2\/media?parent=2"}],"curies":[{"name":"wp","href":"https:\/\/api.w.org\/{rel}","templated":true}]}}