{"id":13,"date":"2011-07-17T13:30:26","date_gmt":"2011-07-17T11:30:26","guid":{"rendered":"http:\/\/mariesansimportance.net\/blog\/?page_id=13"},"modified":"2016-06-13T20:42:29","modified_gmt":"2016-06-13T18:42:29","slug":"organiser-le-menage","status":"publish","type":"page","link":"https:\/\/mariesansimportance.net\/blog\/sorganiser-2\/organiser-le-menage\/","title":{"rendered":"organiser le m\u00e9nage"},"content":{"rendered":"<p style=\"text-align: center;\"><a href=\"http:\/\/mariesansimportance.net\/blog\/wp-content\/uploads\/2011\/07\/organiser-le-m\u00e9nage.jpg\"><img loading=\"lazy\" decoding=\"async\" class=\"aligncenter wp-image-1933 size-medium\" title=\"Organiser le m\u00e9nage\" src=\"http:\/\/mariesansimportance.net\/blog\/wp-content\/uploads\/2011\/07\/organiser-le-m\u00e9nage-300x212.jpg\" alt=\"organiser le m\u00e9nage\" width=\"300\" height=\"212\" srcset=\"https:\/\/mariesansimportance.net\/blog\/wp-content\/uploads\/2011\/07\/organiser-le-m\u00e9nage-300x212.jpg 300w, https:\/\/mariesansimportance.net\/blog\/wp-content\/uploads\/2011\/07\/organiser-le-m\u00e9nage-1024x722.jpg 1024w, https:\/\/mariesansimportance.net\/blog\/wp-content\/uploads\/2011\/07\/organiser-le-m\u00e9nage-624x440.jpg 624w, https:\/\/mariesansimportance.net\/blog\/wp-content\/uploads\/2011\/07\/organiser-le-m\u00e9nage-900x635.jpg 900w, https:\/\/mariesansimportance.net\/blog\/wp-content\/uploads\/2011\/07\/organiser-le-m\u00e9nage.jpg 1840w\" sizes=\"auto, (max-width: 300px) 100vw, 300px\" \/><\/a><\/p>\n<p style=\"text-align: left;\"><span style=\"color: #ff99cc;\"><strong><em>Si vous voulez recevoir le planning des t\u00e2ches m\u00e9nag\u00e8res (t\u00e9l\u00e9chargeable en pdf), vous devez m&rsquo;\u00e9crire \u00e0 cette adresse : postmaster (AT) mariesansimportance.net<br \/>\n<\/em><\/strong><\/span><\/p>\n<p style=\"text-align: left;\"><span style=\"color: #ff99cc;\"><strong><em>Attention, si vous utilisez Hotmail, il y a de fortes chances que mes messages finissent dans la boite Spam de votre compte de messagerie. Ouvrez l\u2019\u0153il donc, si vous ne recevez rien de ma part d&rsquo;ici quelques jours.<\/em><\/strong><\/span><\/p>\n<p style=\"text-align: left;\"><strong>\u00a0<\/strong><\/p>\n<p style=\"text-align: center;\">Et que cela ne vous dispense pas de lire les explications qui suivent (^_^) !!<\/p>\n<h2>\u00a0Le m\u00e9nage : une vraie plaie !!<\/h2>\n<p>Que vous\u00a0 viviez seul(e) ou \u00e0 plusieurs, la question du<strong> m\u00e9nage<\/strong> se pose \u00e0 vous. Et l\u00e0, il n&rsquo;y a que deux cat\u00e9gories de personnes :<\/p>\n<p>&#8211; celles qui aiment (si, si, au f\u00e9minin parce que je parle des personnes en g\u00e9n\u00e9ral &#8211; tout le monde sait que les t\u00e2ches m\u00e9nag\u00e8res sont des activit\u00e9s pratiqu\u00e9es par les deux sexes (;-)), clin d&rsquo;oeil &#8230;)<\/p>\n<p>&#8211; celles qui n&rsquo;aiment pas<\/p>\n<p>Si vous faites partie de la premi\u00e8re cat\u00e9gorie, passez votre chemin, la m\u00e9thode dont je parle ne vous servira \u00e0 rien.<\/p>\n<p>Par contre, si vous faites partie de la seconde cat\u00e9gorie, ce que je vous propose ici peut \u00e9ventuellement vous int\u00e9resser. En tant qu&rsquo;ex-souillon (cat\u00e9gorie subsidiaire que je n&rsquo;ai pas voulu \u00e9voquer par \u00e9gard pour les \u00e2mes sensibles qui lisent ce blog), je sais de quoi je parle&#8230;<\/p>\n<p>La m\u00e9thode tient \u00e0 la fois de <a title=\"Fly Lady\" href=\"http:\/\/www.flylady.net\/\" target=\"_blank\">FlyLady<\/a> et du <a title=\"Cetting Thing Done\" href=\"http:\/\/fr.wikipedia.org\/wiki\/GTD\" target=\"_blank\">GTD<\/a> de David Allen, mais en plus simple.<\/p>\n<p>FlyLady, j&rsquo;ai essay\u00e9 et j&rsquo;ai vite souffert du syndrome \u00ab\u00a0il faut que tout soit impeccable et qu&rsquo;on puisse manger par terre\u00a0\u00bb et, il n&rsquo;y a rien \u00e0 faire, ce n&rsquo;est pas pour moi. La propret\u00e9 extr\u00eame ne m&rsquo;a pas rendu plus heureuse, au contraire. GTD, j&rsquo;ai essay\u00e9 aussi, mais plut\u00f4t pour le boulot. Trop compliqu\u00e9 \u00e0 mettre en oeuvre! Au bout d&rsquo;un moment, on finit par ne penser qu&rsquo;\u00e0 \u00e7a plut\u00f4t que de se concentrer sur le plus important : le boulot. Quelques fondamentaux sont toutefois int\u00e9ressants, on y reviendra&#8230;<\/p>\n<p>En surfant sur le web, je suis tomb\u00e9e sur \u00e7a (une table p\u00e9riodique pour organiser les t\u00e2ches m\u00e9nag\u00e8res) que l&rsquo;on pouvait t\u00e9l\u00e9charger sur le site <a title=\"Real Simple\" href=\"http:\/\/www.realsimple.com\/\" target=\"_blank\">Real Simple<\/a> mais que je ne trouve plus (edit du 17 juillet 2011).<\/p>\n<p><a href=\"http:\/\/mariesansimportance.net\/blog\/wp-content\/uploads\/2011\/07\/cleaning-chart.png\"><img loading=\"lazy\" decoding=\"async\" class=\"aligncenter size-medium wp-image-14\" title=\"cleaning-chart\" src=\"http:\/\/mariesansimportance.net\/blog\/wp-content\/uploads\/2011\/07\/cleaning-chart-239x300.png\" alt=\"\" width=\"239\" height=\"300\" srcset=\"https:\/\/mariesansimportance.net\/blog\/wp-content\/uploads\/2011\/07\/cleaning-chart-239x300.png 239w, https:\/\/mariesansimportance.net\/blog\/wp-content\/uploads\/2011\/07\/cleaning-chart.png 467w\" sizes=\"auto, (max-width: 239px) 100vw, 239px\" \/><\/a><\/p>\n<p>Mais on s&rsquo;en fiche comme de notre premi\u00e8re chemise parce que je l&rsquo;ai traduite (<a href=\"http:\/\/eepurl.com\/e1Dgk\">inscrivez-vous ici pour le recevoir au format pdf<\/a>).<\/p>\n<p><a href=\"http:\/\/mariesansimportance.net\/blog\/wp-content\/uploads\/2011\/07\/planning-menage-table.png\"><img loading=\"lazy\" decoding=\"async\" class=\"aligncenter size-medium wp-image-15\" title=\"planning-menage-table\" src=\"http:\/\/mariesansimportance.net\/blog\/wp-content\/uploads\/2011\/07\/planning-menage-table-300x212.png\" alt=\"\" width=\"300\" height=\"212\" srcset=\"https:\/\/mariesansimportance.net\/blog\/wp-content\/uploads\/2011\/07\/planning-menage-table-300x212.png 300w, https:\/\/mariesansimportance.net\/blog\/wp-content\/uploads\/2011\/07\/planning-menage-table.png 599w\" sizes=\"auto, (max-width: 300px) 100vw, 300px\" \/><\/a><\/p>\n<h2>La m\u00e9thode : s&rsquo;organiser !<\/h2>\n<p>Puis, je l&rsquo;ai adapt\u00e9e \u00e0 ma m\u00e9thode d&rsquo;<strong>organisation<\/strong>. Oui, parce que la cl\u00e9, c&rsquo;est qu&rsquo;il va falloir vous <strong>organiser<\/strong> un peu !!<\/p>\n<p>Vous voulez essayer ?<\/p>\n<p>1. Procurez-vous un syst\u00e8me de 20 dossiers suspendus (ou un parapheur, ou des chemises en carton ou&#8230; ou&#8230; ou&#8230; si vous \u00eates sages, je vous expliquerais bient\u00f4t comment en faire un avec des mat\u00e9riaux de r\u00e9cup\u00e9ration).<\/p>\n<p>2. Intitulez chaque dossier (ou chemise ou ce que vous voulez) comme suit : lundi, mardi, mercredi&#8230; jusqu&rsquo;\u00e0 dimanche et janvier, f\u00e9vrier, mars&#8230; idem jusqu&rsquo;\u00e0 d\u00e9cembre (vous aviez compris) et&#8230; et il vous reste normalement 1 dossier : nommez-le \u00ab\u00a0\u00e0 ventiler\u00a0\u00bb. Placez les jours de la semaine en premier (de lundi \u00e0 dimanche), puis le dossier \u00ab\u00a0\u00e0 ventiler\u00a0\u00bb, puis chaque mois de l&rsquo;ann\u00e9e, dans l&rsquo;ordre, en commen\u00e7ant par le prochain.<br \/>\nPar exemple, aujourd&rsquo;hui nous sommes le dimanche 30 d\u00e9cembre, l&rsquo;ordre sera :<br \/>\nlundi, mardi&#8230;, \u00e0 ventiler, janvier, f\u00e9vrier&#8230;<\/p>\n<p>3. Inscrivez-vous en suivant <!-- \/\/ MAILCHIMP SUBSCRIBE CODE \\\\ --><a href=\"http:\/\/eepurl.com\/e1Dgk\">ce lien<\/a> pour recevoir le fichier au format pdf et l&rsquo;imprimez ce fichier sur papier fort ou normal (au verso d&rsquo;un brouillon par exemple que vous collerez sur de la cartonnette de r\u00e9cup).<\/p>\n<p><a href=\"http:\/\/mariesansimportance.net\/blog\/wp-content\/uploads\/2011\/07\/planning-menage-cartes.png\"><img loading=\"lazy\" decoding=\"async\" class=\"aligncenter size-medium wp-image-16\" title=\"planning-menage-cartes\" src=\"http:\/\/mariesansimportance.net\/blog\/wp-content\/uploads\/2011\/07\/planning-menage-cartes-211x300.png\" alt=\"\" width=\"211\" height=\"300\" srcset=\"https:\/\/mariesansimportance.net\/blog\/wp-content\/uploads\/2011\/07\/planning-menage-cartes-211x300.png 211w, https:\/\/mariesansimportance.net\/blog\/wp-content\/uploads\/2011\/07\/planning-menage-cartes.png 226w\" sizes=\"auto, (max-width: 211px) 100vw, 211px\" \/><\/a><\/p>\n<p>4. D\u00e9coupez chacune des cartes (enlevez les inutiles pour vous, ajoutez les t\u00e2ches qui ne sont pas pr\u00e9vues). Il va de soi que vous ne trouverez pas les cartes quotidiennes du style \u00ab\u00a0faire la vaisselle\u00a0\u00bb ou \u00ab\u00a0passer un coup de balai apr\u00e8s le repas\u00a0\u00bb, j&rsquo;en passe et des meilleures. Cependant, si ce n&rsquo;est pas le genre de t\u00e2ches que vous faites tous les jours, n&rsquo;h\u00e9sitez pas \u00e0 les rajouter.<\/p>\n<p>5. Prenez chaque carte et d\u00e9cidez de la fr\u00e9quence et du jour o\u00f9 vous ferez chacune des t\u00e2ches en vous inspirant des indications not\u00e9es sur chaque page (en sachant que pour que le syst\u00e8me fonctionne bien pour vous, il faut l&rsquo;adapter \u00e0 vos propres habitudes). Et surtout notez votre d\u00e9cision au crayon \u00e0 papier sur chaque carte. Mais attention, n&rsquo;\u00e9crivez pas des trucs du style \u00ab\u00a0le 25 mars\u00a0\u00bb ou encore \u00ab\u00a0une fois par mois\u00a0\u00bb. Si \u00e7a se trouve, le 25 mars, vous ne serez m\u00eame pas chez vous !! Notez plut\u00f4t des formules comme \u00ab\u00a0en mars\u00a0\u00bb, \u00ab\u00a0le 1er et le 3\u00e8me samedi du mois\u00a0\u00bb, \u00ab\u00a0tous les lundis\u00a0\u00bb ou encore \u00ab\u00a0tous les 3 jours\u00a0\u00bb&#8230; Pourquoi ?? Vous comprendrez quand j&rsquo;aurais fini.<\/p>\n<p>6. Maintenant, classez chaque carte dans votre super-organiseur (oui, dor\u00e9navant, votre syst\u00e8me de fichiers s&rsquo;appelle comme \u00e7a) en tenant compte de ce que vous avez \u00e9crit au crayon \u00e0 papier. Ben oui, mais comment que je fais pour les cartes ou c&rsquo;est marqu\u00e9 \u00ab\u00a0tous les 3\u00e8me mardis du mois\u00a0\u00bb ?? &#8230;<br \/>\nBon allez, je vous le dis : direct dans le dossier \u00ab\u00a0\u00e0 ventiler\u00a0\u00bb.<\/p>\n<p>\u00ab\u00a0Tout \u00e7a est bien joli, mes petites cartes sont dans mon super-organiseur mais maintenant, comment que je fais ?\u00a0\u00bb<\/p>\n<p>D\u00e9cid\u00e9ment, vous n&rsquo;\u00eates pas bien d\u00e9gourdis (comme dirait ma grand-m\u00e8re). Le syst\u00e8me est ultra-simple.<\/p>\n<p>1. Quand vous vous levez (ou plus tard, hein ! on n&rsquo;est pas des boeufs), vous prenez le dossier du jour, vous le videz sur la table (ou ailleurs, c&rsquo;est comme vous voulez), et vous le reclassez derri\u00e8re le dossier \u00ab\u00a0\u00e0 ventiler\u00a0\u00bb, \u00e0 la suite de ceux qui s&rsquo;y trouvent d\u00e9j\u00e0 (mais avant les dossiers mois).<\/p>\n<p>2. Exposez les cartes dans un endroit propice, connu et visible par tous les habitants de la maison (pour la r\u00e9partition des t\u00e2ches entre vous, mettez-vous d&rsquo;accord avant). Vous pouvez par exemple les punaiser sur un panneau de li\u00e8ge ou encore les suspendre avec des pinces \u00e0 linge sur un fil en travers de la cuisine &#8211; mais vous faites bien comme vous voulez.<\/p>\n<p>3. Ne r\u00e9fl\u00e9chissez pas (oui, je sais c&rsquo;est chelou comme conseil mais si vous vous mettez \u00e0 r\u00e9fl\u00e9chir, les t\u00e2ches m\u00e9nag\u00e8res, vous n&rsquo;allez pas les faire ou les repousser \u00e0 un jour prochain et c&rsquo;est pas le but de la m\u00e9thode) et si c&rsquo;est \u00e0 votre tour de faire telle ou telle t\u00e2che, faites-la. Quand c&rsquo;est fait, reclassez la fiche dans le bon dossier et basta.<\/p>\n<p>\u00ab\u00a0Et pour les trucs par mois, comment que je fais ? et le dossier \u00ab\u00a0\u00e0 ventiler\u00a0\u00bb, \u00e0 quoi qu&rsquo;il sert ?\u00a0\u00bb<\/p>\n<p>D\u00e9j\u00e0, on ne parle pas comme \u00e7a, niveau syntaxe c&rsquo;est moyen et les r\u00e9ponses sont (dans l&rsquo;ordre):<br \/>\n&#8211; Chaque 1er du mois, avant de vider votre dossier du jour, prenez votre dossier mois, videz-le et reclassez-le derri\u00e8re les autres. Mettez chacune des cartes qu&rsquo;il contenait dans le dossier \u00ab\u00a0jour\u00a0\u00bb qui convient.<br \/>\n&#8211; Tous les lundis, avant de vider votre dossier \u00ab\u00a0lundi\u00a0\u00bb, vider \u00e9galement le dossier \u00ab\u00a0\u00e0 ventiler\u00a0\u00bb et faites comme ci-dessus.<\/p>\n<p>\u00c9videmment \u00e0 l&rsquo;\u00e9crit, \u00e7a para\u00eet compliqu\u00e9 mais en fait c&rsquo;est tr\u00e8s simple. Prenez seulement le temps d&rsquo;apprivoiser la b\u00eate pendant au moins 2 semaines avant de la rejeter.<\/p>\n<p>Le syst\u00e8me fonctionne pour un tas d&rsquo;autres t\u00e2ches. Mais on verra \u00e7a au fur et \u00e0 mesure, tout au long de cette ann\u00e9e.<\/p>\n<p>&#8230; et puis si un jour \u00ab\u00a0c&rsquo;estpaspossiblelest\u00e2chesm\u00e9nag\u00e8resjepeuxpasjesuislessiv\u00e9(e)\u00a0\u00bb, ben c&rsquo;est pas grave, reclassez les cartes au lendemain et surtout, pas de culpabilisation. Ne le faites quand m\u00eame pas trop souvent !!<\/p>\n<p>[edit du 30 juillet 2011 : au vu du grand nombre de demandes pour les fichiers, j&rsquo;ai du m&rsquo;organiser et cr\u00e9er une petite liste pour grouper les envois. Vous pouvez, bien entendu vous d\u00e9sinscrire de cette liste \u00e0 tout moment. J&rsquo;ai du aussi bloquer les commentaires (sinon \u00e7a sert \u00e0 rien de rien que j&rsquo;essaie de tout organiser (^_^)].<\/p>\n<p style=\"text-align: center;\">\u00a0<strong><span style=\"color: #cc3399;\">Oyez, oyez !! Le lendemain de votre inscription \u00e0 la liste vous recevrez un petit message qui confirme que vous \u00eates bien inscrits (et que je n&rsquo;ai pas 4 bras (^_^)) et deux jours apr\u00e8s, vous recevrez les fichiers. Normalement tout se passe bien. Si tel n&rsquo;\u00e9tait pas le cas, je vous demande un ch&rsquo;tit poil de patience suppl\u00e9mentaire.<\/span><\/strong><\/p>\n<p style=\"text-align: center;\"><strong><span style=\"color: #cc3399;\">A bient\u00f4t les magicien(ne)s du logis !!<\/span><\/strong><\/p>\n","protected":false},"excerpt":{"rendered":"<p>Si vous voulez recevoir le planning des t\u00e2ches m\u00e9nag\u00e8res (t\u00e9l\u00e9chargeable en pdf), vous devez m&rsquo;\u00e9crire \u00e0 cette adresse : postmaster (AT) mariesansimportance.net Attention, si vous utilisez Hotmail, il y a de fortes chances que mes messages finissent dans la boite &hellip; <a href=\"https:\/\/mariesansimportance.net\/blog\/sorganiser-2\/organiser-le-menage\/\">Continuer la lecture <span class=\"meta-nav\">&rarr;<\/span><\/a><\/p>\n","protected":false},"author":1,"featured_media":1933,"parent":78,"menu_order":0,"comment_status":"closed","ping_status":"closed","template":"","meta":{"footnotes":""},"class_list":["post-13","page","type-page","status-publish","has-post-thumbnail","hentry"],"_links":{"self":[{"href":"https:\/\/mariesansimportance.net\/blog\/wp-json\/wp\/v2\/pages\/13","targetHints":{"allow":["GET"]}}],"collection":[{"href":"https:\/\/mariesansimportance.net\/blog\/wp-json\/wp\/v2\/pages"}],"about":[{"href":"https:\/\/mariesansimportance.net\/blog\/wp-json\/wp\/v2\/types\/page"}],"author":[{"embeddable":true,"href":"https:\/\/mariesansimportance.net\/blog\/wp-json\/wp\/v2\/users\/1"}],"replies":[{"embeddable":true,"href":"https:\/\/mariesansimportance.net\/blog\/wp-json\/wp\/v2\/comments?post=13"}],"version-history":[{"count":31,"href":"https:\/\/mariesansimportance.net\/blog\/wp-json\/wp\/v2\/pages\/13\/revisions"}],"predecessor-version":[{"id":2101,"href":"https:\/\/mariesansimportance.net\/blog\/wp-json\/wp\/v2\/pages\/13\/revisions\/2101"}],"up":[{"embeddable":true,"href":"https:\/\/mariesansimportance.net\/blog\/wp-json\/wp\/v2\/pages\/78"}],"wp:featuredmedia":[{"embeddable":true,"href":"https:\/\/mariesansimportance.net\/blog\/wp-json\/wp\/v2\/media\/1933"}],"wp:attachment":[{"href":"https:\/\/mariesansimportance.net\/blog\/wp-json\/wp\/v2\/media?parent=13"}],"curies":[{"name":"wp","href":"https:\/\/api.w.org\/{rel}","templated":true}]}}